4).
-15
Let u(q) = -100*q**2 - 8044*q + 4556. Determine u(-81).
20
Let l(z) = -18*z**3 + 72*z**2 + 63*z - 8. Calculate l(-1).
19
Let s(x) = -851*x - 171877. Determine s(-202).
25
Let b(j) = -j**3 - 406*j**2 + 437*j + 11544. Give b(-407).
-666
Let w(f) = -2762*f**2 + 1088*f - 1086. Give w(1).
-2760
Let j(m) = 42554*m - 42758. What is j(1)?
-204
Let k(a) = -141*a**3 - 49*a**2 + 55*a - 3. Calculate k(1).
-138
Let o(v) = 3*v**3 + 3*v**2 - 47*v + 143. What is o(0)?
143
Let q(m) = 23*m**3 - 535*m**2 + 146*m - 92. Determine q(23).
92
Let f(q) = 5*q**2 + 11831*q - 190574. Give f(16).
2
Let u(c) = -3*c**3 - 538*c**2 - 74*c + 18789. Give u(-179).
-6
Let g(l) = -7*l**2 + 482*l - 6161. Determine g(52).
-25
Let y(a) = a**3 + 15*a**2 - 202*a + 111. Calculate y(8).
-33
Let b(o) = 8*o**2 + 217*o + 494. What is b(-26)?
260
Let s(v) = 423*v**3 - 188*v**2 + 2*v - 1. What is s(1)?
236
Let u(m) = m**3 + 7*m**2 + 17*m - 40. Give u(15).
5165
Let y(s) = -698*s**3 + 39*s**2 - 38*s - 76. Give y(-1).
699
Let b(p) = p**3 + 49*p**2 - 214*p + 65. What is b(-53)?
171
Let z(x) = -21*x**2 + 4501*x - 14773. What is z(211)?
-3
Let x(d) = 5*d**2 - 295*d + 3326. Give x(44).
26
Let h(q) = q**3 - 45*q**2 + 298*q + 337. What is h(34)?
-2247
Let c(o) = -o**2 - 301*o + 35740. Give c(91).
68
Let k(o) = o**3 - 10*o**2 + 10*o - 49. Calculate k(10).
51
Let m(w) = w**2 + 214*w - 32036. What is m(102)?
196
Let h(o) = -o**3 - 7*o**2 - 739*o - 4375. What is h(-6)?
23
Let f(q) = q**2 - 50*q - 980. Give f(-9).
-449
Let c(m) = 75*m**2 + 762*m + 96. What is c(-10)?
-24
Let p(i) = -10691*i - 138720. Calculate p(-13).
263
Let i(o) = -o**3 - 43*o**2 + 12325*o + 486792. Determine i(-39).
33
Let s(i) = 48*i**2 - 570*i - 4279. Calculate s(-8).
3353
Let h(v) = -2*v**2 - 57596*v + 230417. Determine h(4).
1
Let m(g) = -3*g**3 + 109*g**2 - 87*g + 2211. Give m(36).
375
Let j(l) = -45*l**2 + 304*l - 53. What is j(11)?
-2154
Let r(v) = 220*v**2 + 1878*v - 171. What is r(-9)?
747
Let l(w) = 2364*w - 151396. Determine l(64).
-100
Let q(m) = 183*m**2 + 1951*m + 1251. Determine q(-10).
41
Let t(m) = -m**3 + 1392*m**2 + 12695*m - 120508. What is t(1401)?
-22
Let h(a) = -10*a**2 + 118*a - 2075. Calculate h(15).
-2555
Let r(y) = -3*y**2 - 2035*y + 10268. Give r(5).
18
Let u(a) = 79*a**2 + 267*a - 1078. What is u(4)?
1254
Let c(n) = n**3 - 958*n**2 + 15027*n + 712. Calculate c(16).
-8
Let q(v) = -v**2 + 1298*v + 600975. Calculate q(-362).
55
Let m(k) = 4*k**2 - 100*k - 1761. Give m(37).
15
Let r(k) = k**2 - 29166*k - 758992. Determine r(-26).
0
Let b(w) = -5575*w + 1654. What is b(0)?
1654
Let w(f) = f**3 + 16*f**2 - 389*f - 4002. Give w(-9).
66
Let t(g) = -34569*g + 101632852. Give t(2940).
-8
Let u(v) = v**2 + 272*v - 24818. Calculate u(72).
-50
Let t(y) = -289*y + 56379. Determine t(195).
24
Let s(y) = -4*y**2 - 81*y + 770. Calculate s(-27).
41
Let z(f) = 29247*f + 204941. What is z(-7)?
212
Let s(j) = -1053*j - 6402. Calculate s(-6).
-84
Let f(a) = -259*a**2 + 4627*a + 636. Calculate f(18).
6
Let w(k) = 2*k**3 + 38*k**2 - 55*k - 1446. Calculate w(-19).
-401
Let j(n) = n**3 + 24*n**2 + 371*n + 5273. Calculate j(-19).
29
Let n(v) = v**3 - 77*v**2 - 29685*v - 2097. Give n(-138).
-27
Let k(h) = -42782*h + 213905. Determine k(5).
-5
Let r(k) = -680*k + 110051. What is r(162)?
-109
Let d(c) = 16211*c**2 + 48654*c. Give d(-3).
-63
Let v(b) = 1585*b + 10637. Calculate v(-7).
-458
Let i(f) = -937*f + 8000. What is i(8)?
504
Let y(x) = 191*x - 254. Give y(5).
701
Let x(h) = h**2 + 599*h + 16560. What is x(-30)?
-510
Let p(m) = 716*m + 27822. What is p(-39)?
-102
Let d(m) = 227*m - 33845. What is d(149)?
-22
Let b(j) = -31*j**2 + 764*j - 1506. Give b(2).
-102
Let x(a) = -5478*a + 602581. Calculate x(110).
1
Let b(d) = -d**2 - 126*d + 101. Give b(-123).
470
Let b(l) = -3298*l + 115431. Give b(35).
1
Let l(g) = -792*g**2 + 36456*g - 1103. Calculate l(46).
1
Let x(r) = -2*r**2 - 1150*r - 122904. Determine x(-142).
68
Let y(c) = -31*c**2 - 260*c - 49. Determine y(-10).
-549
Let a(t) = -t**3 - 28*t**2 - 4*t - 2689. Determine a(-31).
318
Let a(s) = s**3 - 105*s**2 + 13719*s - 53274. Calculate a(4).
-14
Let l(q) = 25172*q + 3549232. Determine l(-141).
-20
Let k(i) = 34*i**3 - 14245*i**2 - 411*i - 3390. Calculate k(419).
-38
Let c(n) = 5*n**2 + 4993*n + 19907. Calculate c(-4).
15
Let u(o) = 2*o**3 - 10*o**2 + 868*o - 2565. Give u(3).
3
Let r(g) = g**3 + 38*g**2 - 2099*g - 80490. Give r(-39).
-150
Let o(p) = -8070*p + 492266. Calculate o(61).
-4
Let f(j) = 48*j**2 - 5703*j - 12783. Determine f(121).
-78
Let x(a) = 1816*a + 299642. Determine x(-165).
2
Let d(a) = -829105*a + 8291053. Calculate d(10).
3
Let g(u) = -u**3 + 25*u**2 - 49*u - 236. Determine g(0).
-236
Let f(i) = -i**2 - 164*i - 5970. Determine f(-52).
-146
Let q(s) = 17644410*s - 123510877. What is q(7)?
-7
Let b(l) = -l**3 - 1178*l**2 - 5837*l + 141. Determine b(-5).
1
Let x(v) = -25*v**2 - 3219*v + 31889. What is x(-138)?
11
Let s(a) = -8*a**2 + 1525*a - 10617. Determine s(7).
-334
Let d(v) = -v**3 - 42*v**2 - 145*v + 654. Give d(-40).
3254
Let t(d) = 7*d**3 + 19*d**2 - 171*d - 980. What is t(-6)?
-782
Let t(m) = 92*m**2 + 15*m - 1412. What is t(-4)?
0
Let h(c) = -2*c**3 + 72*c**2 - 479*c - 258. Give h(27).
-69
Let k(l) = 1475*l - 446955. What is k(303)?
-30
Let k(y) = -2*y**3 + 11*y**2 + 237*y + 422. What is k(-2)?
8
Let q(v) = 1542447*v + 7712268. Determine q(-5).
33
Let c(f) = 145*f + 15404. Calculate c(-111).
-691
Let j(p) = -p**3 - 144*p**2 - 1689*p - 1231. What is j(-12)?
29
Let w(d) = 2*d**2 + 332*d - 2082. Calculate w(6).
-18
Let i(q) = q**3 - 28*q**2 - 236*q + 278. What is i(30)?
-5002
Let n(s) = 7628*s + 3104596. Give n(-407).
0
Let v(o) = -690226*o - 10353385. What is v(-15)?
5
Let u(s) = 4*s**2 + 261*s + 394. What is u(-64)?
74
Let a(o) = -3*o**2 + 610*o - 24437. Determine a(149).
-150
Let m(w) = 1231*w + 1241. What is m(-1)?
10
Let j(k) = -4*k**2 - 649*k + 8177. Give j(12).
-187
Let a(f) = 34541*f + 5699211. Determine a(-165).
-54
Let a(j) = -2*j**3 - 17*j**2 + 278*j - 134. Calculate a(8).
-22
Let l(j) = -21*j**3 + 14*j**2 + 296*j + 979. Determine l(-4).
1363
Let r(d) = 296*d**2 + 41143*d - 150. Give r(-139).
-11
Let k(n) = -530*n - 298389. Determine k(-563).
1
Let t(a) = a**2 - 2059*a - 4129. Give t(-2).
-7
Let z(s) = 1863*s**2 + 9296*s - 8. Give z(-5).
87
Let k(o) = 5*o**3 + 685*o**2 - 688*o + 308. Determine k(-138).
32
Let l(k) = -3712*k + 89157. Calculate l(24).
69
Let k(y) = -2200*y - 96853. Determine k(-44).
-53
Let t(w) = -2*w**3 - 262*w**2 - 662*w + 45005. Give t(-127).
47
Let g(d) = -758*d**3 + 2*d**2 + d - 1. Calculate g(1).
-756
Let s(r) = 3*r**3 + 51*r**2 - 1076*r + 414. Give s(12).
30
Let j(z) = 5*z**2 - 5469*z + 91449. Give j(17).
-79
Let r(z) = -z**3 + 38*z**2 - 132*z + 55. What is r(35)?
-890
Let q(l) = 58*l**3 + 13*l**2 - 74*l - 88. Give q(-1).
-59
Let h(f) = 12*f**3 - f**2 + 171*f - 1122. Calculate h(6).
2460
Let s(t) = -322*t**3 + 3543*t**2 - 36*t + 278. Determine s(11).
3
Let p(n) = 3909*n - 30352. Give p(8).
920
Let k(s) = 10723*s - 75000. Give k(7).
61
Let o(k) = -k**3 - 88*k**2 + 3547*k - 208. Determine o(30).
2
Let j(s) = 10005*s + 60088. Give j(-6).
58
Let i(j) = 8*j**3 - 1496*j**2 - 20*j + 3741. Determine i(187).
1
Let w(q) = 275*q - 50064. Determine w(182).
-14
Let j(o) = -635*o**2 - 6997*o - 83. What is j(-11)?
49
Let d(m) = -215814*m - 863418. What is d(-4)?
-162
Let j(x) = x**3 + 9*x**2 - 83*x - 688. Determine j(-10).
42
Let t(p) = -3*p**3 + 2743*p**2 - 3634*p - 16443. What is t(913)?
-9
Let w(l) = -l**2 + 3396*l + 281640. What is w(-81)?
3
Let j(p) = p**2 - 210*p - 7676. Calculate j(-27).
-1277
Let c(a) = 3*a**3 + 121*a**2 + 469*a + 3887. Determine c(-37).
224
Let z(q) = -11*q**3 - 3487*q**2 + 20*q + 6350. Give z(-317).
10
Let q(z) = 9*z**3 + 25*z**2 - 210*z - 130. Give q(7).
2712
Let p(a) = a**3 - 19*a**2 - 253*a + 5144. Determine p(20).
484
Let i(l) = l**2 - 2*l - 612. Determine i(-24).
12
Let b(j) = -5*j**2 - 286*j + 567. Determine b(2).
-25
Let p(k) = 810119*k - 5670847. Give p(7).
-14
Let d(f) = -241*f + 12016. Determine d(34).
3822
Let n(q) = 172*q + 70197. What is n(-408)?
21
Let y(u) = 49*u**2 - 5325*u - 66604. Calculate y(120).
-4
Let p(n) = -n**3 - 60*n**2 + 86*n + 1163. Calculate p(-61).
-362
Let f(m) = -6745*m